{"id":639,"date":"2024-10-22T13:37:30","date_gmt":"2024-10-22T13:37:30","guid":{"rendered":"https:\/\/villa-mazur.de\/?post_type=mec-events&#038;p=639"},"modified":"2025-05-07T14:52:28","modified_gmt":"2025-05-07T14:52:28","slug":"de-shawue-724","status":"publish","type":"mec-events","link":"https:\/\/villa-mazur.de\/?mec-events=de-shawue-724","title":{"rendered":"Der Dreiklang zum Gedenken am 9. November 1938 in Gera"},"content":{"rendered":"<div data-id=\"28f0d93\" data-element_type=\"widget\" data-widget_type=\"heading.default\">\n<p><em data-olk-copy-source=\"MessageBody\"><span data-olk-copy-source=\"MessageBody\">am 09.November <\/span>2024 soll erstmals in Gera im Rahmen der Gedenken an die Opfer der Reichspogromnacht\u00a0 &#8222;Der Klang der Stolpersteine&#8220; an von den Pogromen betroffene Geraer Familien erinnern (<strong>siehe Karte unter Detail<\/strong>).<br \/>\nAm Vereinsort an der Villa Mazur, Ebelingstra\u00dfe 10 werden die Stolpersteine der Familie Mazur ab ca. 17:15 Uhr musikalisch umrahmen. Es werden Lieder von Bob Dylan, Rio Reiser und anderen erklingen und um 18:15 Uhr nat\u00fcrlich &#8222;Das Kelbl&#8220;. Das kleine Stra\u00dfenkonzert findet bei jedem Wetter statt.<br \/>\nIm Anschluss sind auch F\u00fchrungen durch die Villa Mazur m\u00f6glich.<\/em><\/p>\n<p><em>Nach der offiziellen Gedenkfeier um 16:30 Uhr an der ehemaligen Synagoge werden an verschiedenen Stolpersteinen der Stadt musikalische Darbietungen erfolgen. <\/em><em>Um 18:15 Uhr soll zeitgleich an allen beteiligten Orten das jiddische Lied &#8222;Das Kelbl&#8220; erklingen.<br \/>\n<\/em><em>Die Intentionen sind ebenso wie andernorts, wo \u201eKlang der Stolpersteine\u201c bereits stattfindet (Jena, Weimar, Naumburg, Bad K\u00f6stritz, Rostock) die Besetzung des \u00f6ffentlichen Raumes am 9. November f\u00fcr die Nachmittags- und Abendstunden die Verneigung vor den Opfern und deren Ehrung sowie unser Eintreten gegen Diskriminierung, Hass und Hetze.<\/em><\/p>\n<p><strong><em>Sie seid herzlich eingeladen.\u00a0<\/em><\/strong><\/p>\n<p>16:30\u00a0 Gedenkveranstaltung am Synagogendenkmal<br \/>\n17:15\u00a0 Der Klang der Stolpersteine in Geras Innenstadt<br \/>\n18:15\u00a0 Abschluss &#8222;Dos Kelbl&#8220;<\/p>\n<\/div>\n<div id=\"lyrics\"><span style=\"color: #993300;\"><strong>Dos Kelbl<\/strong><\/span><\/div>\n<div><\/div>\n<div>\n<p>Auf dem Wagen liegt ein K\u00e4lbchen,<br \/>\nliegt da, gefesselt mit einem Strick.<br \/>\nHoch im Himmel fliegt ein Vogel,<br \/>\nfliegt und flitzt hin und zur\u00fcck.<\/p>\n<p>Da lacht der Wind im Kornfeld,<br \/>\nlacht und lacht und lacht,<br \/>\nlacht den ganzen Tag \u00fcber<br \/>\nund noch die halbe Nacht.<\/p>\n<p>Donaj, donaj, donaj, donaj,<br \/>\ndonaj, donaj, donaj, daj.<br \/>\nDonaj, donaj, donaj, donaj,<br \/>\ndonaj, donaj, donaj, daj.<\/p>\n<p>Das K\u00e4lbchen schreit, der Bauer sagt:<br \/>\n&#8222;Wer hat dich gehei\u00dfen, ein Kalb zu sein??<br \/>\nDu h\u00e4ttest doch auch ein Vogel werden k\u00f6nnen!<br \/>\nDu h\u00e4ttest doch auch eine Schwalbe werden k\u00f6nnen!&#8220;<\/p>\n<p>Die armen K\u00e4lblein &#8211; sie werden gefesselt<br \/>\nund geschleift und geschlachtet. &#8211;<br \/>\nWer Fl\u00fcgel hat, fliegt aufw\u00e4rts,<br \/>\nmacht sich bei Keinem zum Knecht.<\/p>\n<\/div>\n","protected":false},"excerpt":{"rendered":"<p>am 09.November 2024 soll erstmals in Gera im Rahmen der Gedenken an die Opfer der Reichspogromnacht\u00a0 &#8222;Der Klang der Stolpersteine&#8220; an von den Pogromen betroffene Geraer Familien erinnern (siehe Karte unter Detail). Am Vereinsort an der Villa Mazur, Ebelingstra\u00dfe 10 werden die Stolpersteine der Familie Mazur ab ca. 17:15 Uhr musikalisch umrahmen. Es werden Lieder [&hellip;]<\/p>\n","protected":false},"author":2,"featured_media":641,"comment_status":"closed","ping_status":"closed","template":"","tags":[],"mec_category":[8],"class_list":["post-639","mec-events","type-mec-events","status-publish","has-post-thumbnail","hentry","mec_category-bildung","entry","has-media"],"_links":{"self":[{"href":"https:\/\/villa-mazur.de\/index.php?rest_route=\/wp\/v2\/mec-events\/639","targetHints":{"allow":["GET"]}}],"collection":[{"href":"https:\/\/villa-mazur.de\/index.php?rest_route=\/wp\/v2\/mec-events"}],"about":[{"href":"https:\/\/villa-mazur.de\/index.php?rest_route=\/wp\/v2\/types\/mec-events"}],"author":[{"embeddable":true,"href":"https:\/\/villa-mazur.de\/index.php?rest_route=\/wp\/v2\/users\/2"}],"replies":[{"embeddable":true,"href":"https:\/\/villa-mazur.de\/index.php?rest_route=%2Fwp%2Fv2%2Fcomments&post=639"}],"wp:featuredmedia":[{"embeddable":true,"href":"https:\/\/villa-mazur.de\/index.php?rest_route=\/wp\/v2\/media\/641"}],"wp:attachment":[{"href":"https:\/\/villa-mazur.de\/index.php?rest_route=%2Fwp%2Fv2%2Fmedia&parent=639"}],"wp:term":[{"taxonomy":"post_tag","embeddable":true,"href":"https:\/\/villa-mazur.de\/index.php?rest_route=%2Fwp%2Fv2%2Ftags&post=639"},{"taxonomy":"mec_category","embeddable":true,"href":"https:\/\/villa-mazur.de\/index.php?rest_route=%2Fwp%2Fv2%2Fmec_category&post=639"}],"curies":[{"name":"wp","href":"https:\/\/api.w.org\/{rel}","templated":true}]}}

<div data-id="28f0d93" data-element_type="widget" data-widget_type="heading.default">
<p><em data-olk-copy-source="MessageBody"><span data-olk-copy-source="MessageBody">am 09.November </span>2024 soll erstmals in Gera im Rahmen der Gedenken an die Opfer der Reichspogromnacht  &#8222;Der Klang der Stolpersteine&#8220; an von den Pogromen betroffene Geraer Familien erinnern (<strong>siehe Karte unter Detail</strong>).<br />
Am Vereinsort an der Villa Mazur, Ebelingstraße 10 werden die Stolpersteine der Familie Mazur ab ca. 17:15 Uhr musikalisch umrahmen. Es werden Lieder von Bob Dylan, Rio Reiser und anderen erklingen und um 18:15 Uhr natürlich &#8222;Das Kelbl&#8220;. Das kleine Straßenkonzert findet bei jedem Wetter statt.<br />
Im Anschluss sind auch Führungen durch die Villa Mazur möglich.</em></p>
<p><em>Nach der offiziellen Gedenkfeier um 16:30 Uhr an der ehemaligen Synagoge werden an verschiedenen Stolpersteinen der Stadt musikalische Darbietungen erfolgen. </em><em>Um 18:15 Uhr soll zeitgleich an allen beteiligten Orten das jiddische Lied &#8222;Das Kelbl&#8220; erklingen.<br />
</em><em>Die Intentionen sind ebenso wie andernorts, wo „Klang der Stolpersteine“ bereits stattfindet (Jena, Weimar, Naumburg, Bad Köstritz, Rostock) die Besetzung des öffentlichen Raumes am 9. November für die Nachmittags- und Abendstunden die Verneigung vor den Opfern und deren Ehrung sowie unser Eintreten gegen Diskriminierung, Hass und Hetze.</em></p>
<p><strong><em>Sie seid herzlich eingeladen. </em></strong></p>
<p>16:30  Gedenkveranstaltung am Synagogendenkmal<br />
17:15  Der Klang der Stolpersteine in Geras Innenstadt<br />
18:15  Abschluss &#8222;Dos Kelbl&#8220;</p>
</div>
<div id="lyrics"><span style="color: #993300;"><strong>Dos Kelbl</strong></span></div>
<div></div>
<div>
<p>Auf dem Wagen liegt ein Kälbchen,<br />
liegt da, gefesselt mit einem Strick.<br />
Hoch im Himmel fliegt ein Vogel,<br />
fliegt und flitzt hin und zurück.</p>
<p>Da lacht der Wind im Kornfeld,<br />
lacht und lacht und lacht,<br />
lacht den ganzen Tag über<br />
und noch die halbe Nacht.</p>
<p>Donaj, donaj, donaj, donaj,<br />
donaj, donaj, donaj, daj.<br />
Donaj, donaj, donaj, donaj,<br />
donaj, donaj, donaj, daj.</p>
<p>Das Kälbchen schreit, der Bauer sagt:<br />
&#8222;Wer hat dich geheißen, ein Kalb zu sein??<br />
Du hättest doch auch ein Vogel werden können!<br />
Du hättest doch auch eine Schwalbe werden können!&#8220;</p>
<p>Die armen Kälblein &#8211; sie werden gefesselt<br />
und geschleift und geschlachtet. &#8211;<br />
Wer Flügel hat, fliegt aufwärts,<br />
macht sich bei Keinem zum Knecht.</p>
</div>

<p>am 09.November 2024 soll erstmals in Gera im Rahmen der Gedenken an die Opfer der Reichspogromnacht  &#8222;Der Klang der Stolpersteine&#8220; an von den Pogromen betroffene Geraer Familien erinnern (siehe Karte unter Detail). Am Vereinsort an der Villa Mazur, Ebelingstraße 10 werden die Stolpersteine der Familie Mazur ab ca. 17:15 Uhr musikalisch umrahmen. Es werden Lieder [&hellip;]</p>
