{"id":192,"date":"2024-09-12T14:54:24","date_gmt":"2024-09-12T14:54:24","guid":{"rendered":"https:\/\/villa-mazur.de\/?post_type=mec-events&#038;p=192"},"modified":"2024-12-18T20:52:17","modified_gmt":"2024-12-18T20:52:17","slug":"erik-stenzel","status":"publish","type":"mec-events","link":"https:\/\/villa-mazur.de\/?mec-events=erik-stenzel","title":{"rendered":"Erik Stenzel"},"content":{"rendered":"<p>Der Indie-Liedermacher aus unserer Partnerstadt N\u00fcrnberg ist eine Stimme der Emp\u00f6rung gegen die Stille der Zerst\u00f6rung. Er singt mit kritischer Poesie und kraftvollen Melodien \u00fcber eine Welt, die es zu retten gilt. Seine kraftvollen Melodien und mitrei\u00dfenden Rhythmen best\u00e4rken all diejenigen in ihrer Haltung und Handlung, welche sich f\u00fcr eine Welt in Sicherheit und Gemeinschaft einsetzen und ermutigen jene, die das noch nicht tun, dar\u00fcber nachzudenken.<\/p>\n<p><img fetchpriority=\"high\" decoding=\"async\" class=\"alignnone wp-image-462\" src=\"https:\/\/villa-mazur.de\/wp-content\/uploads\/2024\/09\/Foerderung-300x79.jpg\" alt=\"\" width=\"456\" height=\"120\" srcset=\"https:\/\/villa-mazur.de\/wp-content\/uploads\/2024\/09\/Foerderung-300x79.jpg 300w, https:\/\/villa-mazur.de\/wp-content\/uploads\/2024\/09\/Foerderung-1920x507.jpg 1920w, https:\/\/villa-mazur.de\/wp-content\/uploads\/2024\/09\/Foerderung-768x203.jpg 768w, https:\/\/villa-mazur.de\/wp-content\/uploads\/2024\/09\/Foerderung-1536x406.jpg 1536w, https:\/\/villa-mazur.de\/wp-content\/uploads\/2024\/09\/Foerderung-2048x541.jpg 2048w\" sizes=\"(max-width: 456px) 100vw, 456px\" \/><\/p>\n","protected":false},"excerpt":{"rendered":"<p>Der Indie-Liedermacher aus unserer Partnerstadt N\u00fcrnberg ist eine Stimme der Emp\u00f6rung gegen die Stille der Zerst\u00f6rung. Er singt mit kritischer Poesie und kraftvollen Melodien \u00fcber eine Welt, die es zu retten gilt. Seine kraftvollen Melodien und mitrei\u00dfenden Rhythmen best\u00e4rken all diejenigen in ihrer Haltung und Handlung, welche sich f\u00fcr eine Welt in Sicherheit und Gemeinschaft [&hellip;]<\/p>\n","protected":false},"author":2,"featured_media":193,"comment_status":"closed","ping_status":"closed","template":"","tags":[],"mec_category":[7],"class_list":["post-192","mec-events","type-mec-events","status-publish","has-post-thumbnail","hentry","mec_category-konzert","entry","has-media"],"_links":{"self":[{"href":"https:\/\/villa-mazur.de\/index.php?rest_route=\/wp\/v2\/mec-events\/192","targetHints":{"allow":["GET"]}}],"collection":[{"href":"https:\/\/villa-mazur.de\/index.php?rest_route=\/wp\/v2\/mec-events"}],"about":[{"href":"https:\/\/villa-mazur.de\/index.php?rest_route=\/wp\/v2\/types\/mec-events"}],"author":[{"embeddable":true,"href":"https:\/\/villa-mazur.de\/index.php?rest_route=\/wp\/v2\/users\/2"}],"replies":[{"embeddable":true,"href":"https:\/\/villa-mazur.de\/index.php?rest_route=%2Fwp%2Fv2%2Fcomments&post=192"}],"wp:featuredmedia":[{"embeddable":true,"href":"https:\/\/villa-mazur.de\/index.php?rest_route=\/wp\/v2\/media\/193"}],"wp:attachment":[{"href":"https:\/\/villa-mazur.de\/index.php?rest_route=%2Fwp%2Fv2%2Fmedia&parent=192"}],"wp:term":[{"taxonomy":"post_tag","embeddable":true,"href":"https:\/\/villa-mazur.de\/index.php?rest_route=%2Fwp%2Fv2%2Ftags&post=192"},{"taxonomy":"mec_category","embeddable":true,"href":"https:\/\/villa-mazur.de\/index.php?rest_route=%2Fwp%2Fv2%2Fmec_category&post=192"}],"curies":[{"name":"wp","href":"https:\/\/api.w.org\/{rel}","templated":true}]}}

<p>Der Indie-Liedermacher aus unserer Partnerstadt Nürnberg ist eine Stimme der Empörung gegen die Stille der Zerstörung. Er singt mit kritischer Poesie und kraftvollen Melodien über eine Welt, die es zu retten gilt. Seine kraftvollen Melodien und mitreißenden Rhythmen bestärken all diejenigen in ihrer Haltung und Handlung, welche sich für eine Welt in Sicherheit und Gemeinschaft einsetzen und ermutigen jene, die das noch nicht tun, darüber nachzudenken.</p>
<p><img fetchpriority="high" decoding="async" class="alignnone wp-image-462" src="https://villa-mazur.de/wp-content/uploads/2024/09/Foerderung-300x79.jpg" alt="" width="456" height="120" srcset="https://villa-mazur.de/wp-content/uploads/2024/09/Foerderung-300x79.jpg 300w, https://villa-mazur.de/wp-content/uploads/2024/09/Foerderung-1920x507.jpg 1920w, https://villa-mazur.de/wp-content/uploads/2024/09/Foerderung-768x203.jpg 768w, https://villa-mazur.de/wp-content/uploads/2024/09/Foerderung-1536x406.jpg 1536w, https://villa-mazur.de/wp-content/uploads/2024/09/Foerderung-2048x541.jpg 2048w" sizes="(max-width: 456px) 100vw, 456px" /></p>

<p>Der Indie-Liedermacher aus unserer Partnerstadt Nürnberg ist eine Stimme der Empörung gegen die Stille der Zerstörung. Er singt mit kritischer Poesie und kraftvollen Melodien über eine Welt, die es zu retten gilt. Seine kraftvollen Melodien und mitreißenden Rhythmen bestärken all diejenigen in ihrer Haltung und Handlung, welche sich für eine Welt in Sicherheit und Gemeinschaft [&hellip;]</p>
